= -2*u + 230 - 6, 4*d = 4*u + 272. Calculate the highest common factor of d and z.
60
Suppose -18*h - 6*h + 7440 = 0. Let r = h + 288. What is the highest common divisor of r and 26?
26
Let f = -2045 + 2909. Let u be (-1)/(-2*3/f). Let g = -1 + u. Calculate the highest common factor of g and 11.
11
Let o(m) = m**2 + 8*m - 2937. Let d be o(-61). Calculate the highest common divisor of d and 8.
8
Let b = -1068 - -5048. What is the greatest common factor of 20 and b?
20
Let h = 68 - 61. Let z = 4 - 0. Suppose 4*n - 129 = z*d + 79, -2*n + 4*d = -110. Calculate the greatest common divisor of n and h.
7
Suppose -3*r + 5*t + 15 = 74, 3*r + 51 = -3*t. Let d be 6*(-51*2/r - 2). Let q be 55/(-2)*(-8)/10. Calculate the highest common factor of q and d.
22
Suppose 5*o - 47349 = s, 4*o = 5*o - 5*s - 9465. What is the greatest common divisor of 10 and o?
10
Suppose 5*k - 66 = n, 2*k - 22 = -k + 5*n. Suppose 4*s - 240 = -5*x + x, x = -5*s + 76. Calculate the highest common divisor of k and x.
14
Let l be (-275)/((-5)/10*1). Suppose 2*d - 365 = -3*n, 0 = d + 2*d + 4*n - l. What is the greatest common divisor of d and 57?
19
Let i = 937 + -855. Suppose -51 = 4*x + 109. Let p = i + x. What is the highest common factor of p and 14?
14
Let m = -82 - -271. Let h = 314 - 118. Suppose 0 = -4*z - 4*x + h, -3*z - m = -7*z + 3*x. Calculate the highest common factor of 32 and z.
16
Let h = 680 + -436. Suppose 0 = -16*a + h + 668. What is the highest common factor of a and 456?
57
Let w = -7966 - -8014. What is the greatest common factor of 5880 and w?
24
Let w be (1/6*3)/(3/(-6)). Let p be (5 + 101)*7*w + 1. Let c be (40/(-6))/(26/p). Calculate the greatest common factor of c and 76.
38
Suppose -116*h + 97*h = -1653. Calculate the greatest common factor of h and 5423.
29
Let t(m) = -37*m - 1411. Let k be t(-39). What is the greatest common factor of k and 1192?
8
Suppose -4*y - 40 = -4*u, -5*u + 2*y + 78 = 4*y. Suppose -1786*t + 1777*t = -2520. What is the highest common factor of t and u?
14
Let g(d) = d**3 - 21*d**2 - 15*d + 675. Let t be g(21). What is the greatest common factor of t and 13?
1
Let q = -2467 - -2533. What is the highest common factor of q and 3729?
33
Let h(k) = -63*k + 970. Let l be h(14). Calculate the highest common factor of l and 440.
88
Let l = 3218 - 3200. What is the highest common divisor of 14 and l?
2
Let p be (-2550)/(-14) + (2107/(-343) - -6). Calculate the greatest common factor of p and 16835.
91
Suppose 39*m = 44*m - 95. Suppose g = -5*r - 3, -4*g + 26 + m = r. Let d be (-14)/3*(-72)/28. Calculate the greatest common divisor of d and g.
12
Let b(x) = x**2 - 5*x - 43. Let f(m) = -4*m**2 - 116*m - 6. Let i be f(-29). Let y be b(i). What is the greatest common divisor of y and 161?
23
Suppose -3*c + 5*v + 7215 = -1521, 2*c + 2*v - 5824 = 0. Suppose 2*g + c = 9*g. Suppose g = 23*f - 21*f. What is the greatest common divisor of 52 and f?
52
Let l = 5623 + -4471. What is the highest common factor of l and 90?
18
Let r = 64 + -1. Let j = -71 + r. Let p = j - -12. Calculate the greatest common divisor of p and 1.
1
Let l = -29 + 47. Let b be 3/l - 33/(-18). Suppose 3*k - k + 4*g - 182 = 0, 107 = k - b*g. Calculate the highest common divisor of 9 and k.
9
Suppose -11 - 108 + 9 = -5*s. Let z(r) = r**2 - 5. Let b be z(-4). What is the greatest common factor of s and b?
11
Suppose 14*g - 100 - 27 - 41 = 0. Calculate the greatest common factor of g and 42.
6
Suppose 0*p = p - a - 70, 3*p = a + 210. Suppose -84*v - 3116 = -122*v. Let o = v - p. Calculate the highest common divisor of o and 8.
4
Let m be 2094/(-3) + 8 + 5. Let j = -664 - m. What is the highest common divisor of j and 21?
21
Suppose -i + 181 = 2*s, -5*i - 5*s = -2*i - 540. Let j(b) = b**3 + 16*b**2 + 42*b + 1. Let w be j(-4). What is the highest common factor of w and i?
25
Let m(h) = -h - 6. Let a be m(-11). Suppose 2*l + a*k = 25, 0 = 4*l - 2*k - 31 - 7. Calculate the greatest common divisor of l and 170.
10
Suppose 5*c + 3*x + 37 = 194, -5*c + 2*x + 162 = 0. Let q = 124 - 76. What is the highest common divisor of q and c?
16
Let p(c) = -2*c**3 - c + 1. Let l be p(1). Let w be ((-9)/1)/(l/2). What is the highest common factor of 3 and w?
3
Let x = -338 + 513. Let t = 10 + -5. Suppose -2*s - 2*s = t*b - 120, -5*b - 30 = -2*s. What is the highest common divisor of x and s?
25
Let t(z) = z**2 - 122*z - 523. Let j be t(127). Calculate the highest common factor of 1414 and j.
14
Suppose -17 = 8*a + 31. Let n(m) = -m + 7*m**2 + 15 + 17*m + m. Let j be n(a). What is the highest common divisor of 33 and j?
33
Let r be (((-26)/(-8))/13)/(1/12). Suppose 3*q = 3*t + 900, -10*t = -r*q - 5*t + 906. What is the highest common factor of 33 and q?
33
Let x = 4057 - 3994. Calculate the highest common factor of x and 91.
7
Suppose -8*x = 24*x - 2578 + 850. Calculate the greatest common divisor of 5310 and x.
18
Suppose 58 + 388 = 21*c - 58. What is the greatest common divisor of 2364 and c?
12
Suppose 941*r - 938*r = 33. Suppose -17*b = -r*b - 48. What is the greatest common factor of 10 and b?
2
Let w be -5 + (-6 - ((-6 - 1) + 0)) - -28. What is the highest common divisor of 18264 and w?
24
Let s be (-5 - -1)/((11/6)/(-11)). Let f = 914 + -650. Calculate the greatest common factor of f and s.
24
Let g(v) be the third derivative of 13*v**4/24 + 41*v**3/3 - 3*v**2 + 1. Let i be g(-5). What is the highest common divisor of 153 and i?
17
Let i be (17/((-765)/60))/((-2)/3). Let w be (-1)/14*i - (-4910)/70. Calculate the greatest common factor of w and 35.
35
Suppose 7*a - 21 = 4*a. Let j(t) be the first derivative of t**4/4 - 3*t**3 + t + 5. Let p be j(9). What is the greatest common divisor of p and a?
1
Suppose 0 = 5*f + 5*j - 800, 147*f - 150*f + 4*j + 480 = 0. What is the highest common factor of f and 112?
16
Suppose -a + t + 639 = 0, 2*a + 86 = 5*t + 1361. Let m = 667 - a. What is the highest common factor of m and 729?
27
Let h be 828/69 - (-11)/(-1). Let y(o) = 7*o**2 - o + 1. Let a be y(1). Calculate the greatest common divisor of a and h.
1
Suppose -23*z = z + 192. Let t be ((-2)/10)/((-2 - z)/(-1830)). Calculate the greatest common factor of t and 305.
61
Let c(t) = -t**3 + 21*t**2 - 109*t + 3. Let f be c(11). Calculate the highest common divisor of 58 and f.
2
Suppose -24 = 7*x - 388. Suppose -5*n + 172 = x. Calculate the greatest common factor of 180 and n.
12
Let m be (-73333)/(-11) + 324/891. Suppose 10*i - 7013 - m = 0. What is the greatest common factor of i and 72?
72
Suppose -2*u + 23 = -145. Suppose 0 = 5*l - 4*p - 46, -2*l + 22 = -357*p + 355*p. Suppose -100 = -l*k - u. Calculate the greatest common factor of k and 20.
4
Let s(x) = -x**3 + 12*x**2 - 22*x - 5. Let f be s(3). Let i be (-11514)/(-285) + (-4)/f. Calculate the greatest common factor of 5 and i.
5
Let p = -1737 + 1857. Calculate the highest common factor of 2560 and p.
40
Suppose 102 = 4*o - 2*d, -29*o - 73 = -32*o + 5*d. What is the greatest common factor of o and 2834?
26
Suppose 3*v - 401 - 1399 = 0. Let s = -354 + v. Let d = -120 + s. What is the greatest common divisor of d and 18?
18
Let o be (2/(-16) - (-51)/24) + 70. Suppose -3*n + f + 54 - 11 = 0, -5*f = -4*n + o. What is the highest common factor of 169 and n?
13
Suppose 4*t + 6 = 14. Let q(h) = 51*h + 20. Let a be q(t). Suppose -5*c + 274 = k - 4*k, 5*k = -2*c + a. What is the highest common factor of c and 8?
8
Let v be -8*(7 + -6)*-13. What is the greatest common factor of v and 56?
8
Let a be (-1 + 93/12)*140. Suppose a = 638*b - 633*b. Calculate the highest common factor of b and 54.
27
Let i(n) = 5*n + 11. Let f be i(3). Let b = f - -27. Let j be -4 - -5 - (2 - b). Calculate the highest common divisor of j and 26.
26
Let p be (-90)/(-70)*14*(-8)/(-48). Suppose 0*s - s + 2 = 0. Suppose s*a = -2*a + 60. What is the highest common divisor of a and p?
3
Let q be 5 - 3 - (-7)/(7/18). Suppose q*v - 21*v = -5. Suppose -15 - 102 = -5*p + a, -v*a - 33 = -2*p. What is the highest common factor of p and 60?
12
Let m = -49 - -54. Let w be 10*((-15)/(-6))/m. Let t be (2/1)/(-2) + w. Calculate the highest common divisor of t and 14.
2
Let j = -4207 - -4614. What is the greatest common factor of 88 and j?
11
Suppose 25574 + 12698 = 52*m. Let a(c) = -46*c**3 + c**2 - 